15 - (-8 + -14)) + -21?
-14
Calculate (-1 - -2) + (5 + -3 - -2).
5
What is -7 - -10 - (6 + (1 - 3) + -4)?
3
Calculate 0 + 5 + (-154 - -161).
12
Calculate 7 - ((-5 - -15 - (-4 - -4)) + -3).
0
Calculate -6 + 1 + 51 + -55.
-9
What is the value of (-15 - -1) + 203 + -173?
16
Evaluate 5 + 1 + -7 + 3 + 7 + 3.
12
What is -2 + 34 + (17 - (-7 + (1 - -21)))?
34
Evaluate 16 - 37 - (-6 + -3).
-12
What is 3 + (0 - (-1 + 2) - 0) + 2?
4
What is the value of 544 - 576 - (6 - (0 + 0)) - -11?
-27
What is the value of 27 - (0 + 3 + 2 + 5 + -6)?
23
What is 0 + -11 + 0 + -1 + -1?
-13
Calculate (696 - 707) + (0 - -18).
7
What is 2 + -5 + 8 + -10 + 1 + -2?
-6
What is 0 - ((-8 - -19) + -6) - (0 + -2)?
-3
Evaluate 7 - (-16 - -6 - (4 + -9)).
12
Calculate 35 + -7 - (-5 - -58).
-25
Evaluate 4 - ((8 - 20) + 11).
5
Evaluate (-12 - (-33 - -12)) + -14.
-5
Evaluate -635 + 617 + (24 - 1).
5
Calculate 38 - (63 - 39) - (36 + 0).
-22
What is -6 + (10 + -1 - (24 - 34))?
13
What is (-3 - -10) + -10 - -6 - (-1 - -3)?
1
18 + (-8 - 4) + 3 + 0
9
Evaluate (14 - 14) + 0 + -9 + 0 + 4.
-5
Calculate 25 - (-24 + 25) - 36.
-12
Calculate (37 - (-9 - -19)) + -11.
16
What is -10 - (13 + -29 + 0)?
6
Evaluate -19 - -1 - (550 - 575).
7
Evaluate -16 + 2 + (20 - 16) - -32.
22
3 + (-16 - -10) + 13
10
Evaluate -1 + 25 - (-30 + 56).
-2
Evaluate -30 + -5 - (-11 + 12) - -14.
-22
What is the value of 1 - (0 + 8 + -1)?
-6
Calculate 1 - 1 - 14 - (-66 - -62).
-10
15 + -4 + -6 - -6 - 23
-12
What is the value of 1 + -10 - (7 - (-3 - (-2 + -3)))?
-14
Calculate -9 + -15 + (3 - -7) + 3.
-11
(1 - 3) + (6 + -3 - 15) + 2
-12
Evaluate 8 + -1 + -7 - 8 - -8.
0
Evaluate (1 - 2 - (6 + -23 + 18)) + -3.
-5
What is (11 - (1 + -2)) + (6 - -12) + -43?
-13
(-3 - (1 - 8)) + -2 + -7 - -24
19
Evaluate 10 + (6 - (-5 - (-3 - 2))).
16
What is -360 + 368 + -2 + (-21 - -2 - 2)?
-15
What is the value of 1 + 3 + 24 + -24 + (-1 - -6)?
9
What is 0 - 0 - 0 - (5 - 10 - -8)?
-3
Evaluate -7 - (17 + -20 + (3 + -3 - -7)).
-11
-14 + 14 + (19 + -2 - 3) + -6
8
What is (4 - 5) + -14 - (-27 - 1)?
13
Evaluate 4 + (-8 - (-6 - -3)) + (120 - 133).
-14
Calculate -1 + (-29 - -9 - (10 + -18)).
-13
What is the value of (-16 - 0) + -4 + (0 - -9)?
-11
What is the value of 933 + -954 + (-2 + 2 - -3)?
-18
What is the value of 23 + -32 + 5 + (0 - -5)?
1
Calculate 11 + 2 + -2 - (0 + 47 - 15).
-21
Evaluate (3 + 0 + 14 - -1) + -8 + 5.
15
46 - (18 + -1 + -229 + 226)
32
What is 9 + -22 - (-22 + 9)?
0
What is the value of 4 + (18 - -16 - 15)?
23
What is the value of 1 + 2 - (-13 - (1 - (13 - 4)))?
8
What is the value of -54 + (50 - (22 - -3))?
-29
Evaluate -4 - (-29 - (-62 + 34)).
-3
Evaluate 8 + (-29 - -18) + 16.
13
Calculate (-5 + 1 - (-3 + 0 + -3)) + -5.
-3
What is the value of (-12 - -45 - 53) + 27?
7
Evaluate (-5 - (-2 - -8)) + (3 - 24 - -15).
-17
Calculate (7 - 6) + 1 + -13.
-11
75 + -66 + (7 - 0)
16
Calculate 54 + -5 + -31 - 16.
2
(0 - 10) + (14 - 6 - 9)
-11
3 + -1 - 6 - (3 + 5)
-12
Evaluate -7 + 1 - (-16 + (-17 + 12 - 18)).
33
31 + (11 - 26) + -18
-2
What is the value of -2 + 2 - ((0 - -13) + (-3 - 39))?
29
Evaluate (0 - (-2 + -3 - -4)) + -5 + 18.
14
2 + -5 + 3 + -5 + -1
-6
What is -9 - 8 - (-5 + -2)?
-10
Calculate 58 + -85 - -20 - (2 + 5).
-14
What is -8 - (7 - 2 - (-14 - -1 - -24))?
-2
Calculate -28 + 29 + -5 + (1 - 8).
-11
-8 + -4 + 18 - (15 + 1)
-10
What is 1 + (77 - 66) + -21 + 1?
-8
Evaluate -2 + (-2 + -4 - -15) - (-1 - 5).
13
15 + (-27 - (-11 + 6)) + 14
7
Evaluate 36 + 18 + -36 + -7.
11
What is the value of (-24 - -2 - -14) + 8?
0
What is 26 + -2 + 95 + -99?
20
What is (2 - -18) + -8 + -3?
9
Calculate (-41 - -56) + (-2 - 33).
-20
What is the value of 31 - (9 - (-8 + 4)) - 36?
-18
Calculate -37 - 10 - -19 - 3.
-31
What is -16 - ((13 - 1) + (-22 - (-12 + -1)))?
-19
6 + (-5 - 7) - 0 - (-14 - -1)
7
What is (-12 - (25 + -23)) + -4?
-18
Calculate 2 + (0 - 10) - (179 - 174).
-13
Evaluate 15 + 9 + (-8 - 14) + 11.
13
Calculate -3 + (3 - -3 - (-5 + (7 - 5))).
6
What is -35 + 19 - (-4 - 3) - -1 - -32?
24
-2 + -1 - ((5 - 4) + 6 - 0)
-10
What is the value of 7 - (13 + -20) - 8?
6
Calculate (16 - 17 - -9) + 0 + -1.
7
What is -2 + (-4 - -16 - (-8 - -26))?
-8
-21 - (-60 + -4) - (7 + 3)
33
What is the value of -13 + (-10 + 43 - 9)?
11
What is -1 + -18 + (148 - 138)?
-9
Calculate 21 - (0 - 0) - (1357 - 1362).
26
What is the value of -24 + 22 - (-51 - -51 - (1 + -7))?
-8
What is (-5 - -4) + 0 - (9 + -17 + 14)?
-7
Evaluate 18 - (3 + -4 + 10 + -3 - 8).
20
Calculate 3 + 18 + (137 - 152).
6
What is the value of -405 + 386 - (-10 - (1 - (-2 - -2)))?
-8
What is (1 - -1 - (-25 + (-31 - -56))) + -26?
-24
Calculate 7 - ((-14 - (-23 + -18)) + -13).
-7
-3 + (-13 - (0 + -8)) + 2 + 6
0
What is the value of 21 - 9 - 17 - (0 - 7)?
2
Calculate -89 + 99 + 2 + 3 + 1 - 3.
13
Evaluate (-8 - (-4 + 8 - 7) - -13) + 5.
13
Calculate 10 + 0 + -1091 + 1082.
1
What is the value of 4 - (-16 + (15 - -3) - 11)?
13
21 + -1 + (-73 - -41)
-12
What is the value of (-12 - -1) + 4 + -5 + 17 + -6?
-1
Evaluate 3 - -15 - 6 - 0 - 5.
7
-29 - (25 + -47 + 0)
-7
What is -3 - (9 + (4 - 13)) - (2 + -2)?
-3
What is the value of 11 - (-9 + 1 + (38 - 24))?
5
What is the value of (1 - (5 + (-14 - -1))) + -22 + 23?
10
What is the value of 16 + -14 - (9 - (8 + -7))?
-6
What is the value of (-13 - -15 - (8 + 0)) + (-11 - -18)?
1
What is (-34 - (-8 + -31)) + -18?
-13
-9 + (6 + (7 - 15) - -11)
0
What is -31 - (15 + (-24 - -15 - 17))?
-20
(2 - -1) + 0 - (12 - (24 + -17))
-2
-50 - (25 + (-9 - 47))
-19
Calculate 3 + 10 + (72 - 81) + (9 - 1).
12
What is the value of 2 + (12 - 10) - -2?
6
Calculate -626 + 637 + (3 - 0).
14
Evaluate (6 - (30 + -37)) + 1 + -10.
4
What is 13 + (7 - 12) + 13 + -2?
19
What is the value of 11 + 25 + -37 - 24?
-25
What is the value of (240 - 240) + 0 + 22 + (-3 - -4)?
23
What is (19 - -10) + -19 + -24?
-14
4 + (0 - 4) + 3 + (-57 - -62)
8
What is the value of -5 + (2 - -3) + (4 - 0 - 8)?
-4
-22 + (-6 + 11 + 12 - 10)
-15
Calculate 29 + 4 + 16 + -15 + -3.
31
-6 - (-1 - ((-6 - 10) + (20 - 10)))
-11
What is the value of 18 + (0 + -12 - (-34 + 27))?
13
What is -7 + 2 - (1 + 17) - -9?
-14
What is the value of -2 + 23 - ((-57 - -13) + 39)?
26
What is the value of (2 - -6) + (-5 - (5 + -13))?
11
What is the value of 1 + -1 + -10 + 4 - (1 - 13)?
6
Evaluate 5 + (-2 - -3) + -13.
-7
-2 - (-5 - (48 + -46 - (7 + -1)))
-1
Calculate -36 + (-86 + 89 - (1 - 5)) - -1.
-28
What is the value of -16 + 4 + (-34 - -16) - -5?
-25
What is 14 - 33 - 4 - -21?
-2
Calculate -6 - 3 - (-16 + 2).
5
11 + 0 + 7 + -6 + -5
7
Calculate -15 + 2 - (0 + (2 - (-5 - -13))).
-7
What is -9 + (-22 - -14 - (-3 - -6))?
-20
What is the value of 2 - (-3 + 4) - 2 - (3 - 13)?
9
What is the value of 13 + -6 + -16 + (-3 - -1) - -37?
26
What is (4 - (-1 + -4 + 5 - -1)) + 2?
5
What is the value of 1 - 25 - (-43 - -39) - (0 + -7)?
-13
Evaluate 13 + (14 - (-1 - -24)) - -11.
15
What is the value of -3 + (-6 - (6 + (-6 + 11 - 12)))?
-8
What is the value of -10 + -2 + 19 + 2 - 4?
5
What is the value of -1 + (6 - (4 + 0) - (-5 - -12))?
-6
Evaluate -9 + (-5 - -10) - 15 - (-1 - -5).
-23
Calculate 11 - (-27 + 32 + -6).
12
What is the value of -5 + -1 + -5 + 5 + 7 + -13?
-12
What is the value of 12 + (13 - (9 + 2 + 0 - 4))?
18
Calculate 0 + 8 - (1 + 7) - -21.
21
What is -4 + (14 - (-4 + -1)) + (-22 - -25)?
18
What is the value of 5 + (-1 - (-3 + 4)) - (-14 + 20)?
-3
Calculate 17 + -16 - 19 - (-3 - (0 + 0)).
-15
What is the value of 0 - 2 - (67 + -58)?
-11
What is the value of 10 + -16 + 10 + -3?
1
Evaluate (-3 - -1) + -7 + (-66 - -81) - -5.
11
Evaluate (-2 - -11 - 11) + 6.
4
What is the value of -6 + -5 + 7 + -4 + 2?
-6
Calculate 33 + (-11 - ((1 - 7) + 9)).
19
5 + -4 + 7 + (18 - 31)
-5
10 - (-4 - ((12 - 11) + -11))
4
Evaluate -13 - (-45 - (15 + -25)).
22
(-17 - (-24 - -16) - -5) + -16
-20
Calculate -10 + 6 + 0 + 1 + 17 + -45.
-31
Calculate -35 + 15 - (7 + (-7 - -2)).
-22
Calculate (-10 - 5 - -11) + -1.
-5
-39 + (1 - 1) - (186 + -201)
-24
0 + (-11 - (-5 + 4) - (9 - 10))
-9
What is (3 - ((2 - -3) + -4)) + (8 - 19)?
-9
Calculate 9 + (3 - (-7 + 13 + 24)).
-18
-11 + (-11 - (1 - 4 - 7 - 7))
-5
Calculate 18 + 1 + -19 + 22.
22
What is (29 - 12) + -6 + (-3 - -1) + 2?
11
Evaluate -1 - -5 - 6 - (-19 + (21 - -15)).
-19
0 - 0 - (74 - 72 - (1 - -1))
0
What is (-2 + 1 - (-41 - -37)